 + 32 = -b. What is the tens digit of m?
1
Let l(q) = q**3 - 7*q**2 + 7*q - 6. Let k be l(6). Let c(j) = -j**2 + j - 4. Let h be c(k). Let a(x) = -x**3 - 3*x**2 + 2*x. What is the units digit of a(h)?
8
Suppose -246 = -5*u + 7*u. Let v = u + 227. What is the units digit of v?
4
Suppose 2*r - 3*f - 6 = -f, -31 = -5*r - 3*f. Suppose -c - 10 - 4 = -5*g, 5*g = -r*c - 10. Suppose 19 = 3*q - g*q. What is the units digit of q?
9
Suppose -2*d + 9 = -2*s - 3, 5*s + 24 = 2*d. Suppose 35 = d*n - n. Let v = -15 + n. What is the tens digit of v?
2
Let f be ((-416)/(-6))/(-4)*6. What is the units digit of (-2)/(-13) - 2792/f?
7
What is the tens digit of (-10140)/8*-2*6/18?
4
Suppose 5*w + 5*g = 145, -2*w - g + 53 + 10 = 0. Suppose -2*a + 188 = 4*p + w, 5*a + 2*p - 401 = 0. What is the tens digit of a?
8
Suppose 68359 = 45*r - 6611. What is the tens digit of r?
6
Let d(g) = 3*g - 20. Let v be d(6). Let y be (-8)/v + 4 + 31. Suppose 0 = -u - 2*u + y. What is the tens digit of u?
1
Let d = 1 - 11. Let o(f) = -f - 10. Let s be o(d). Suppose 4*v - 21 - 123 = s. What is the units digit of v?
6
Let q(z) = -z**3 - 7*z**2 - 6*z + 2. Let g be q(-6). Suppose 0 = -4*f - 0*f + 88. Suppose -f = -g*t - 8. What is the units digit of t?
7
Suppose -3*u - 720 = -7*u. Let r be -1*(-5 + (-4)/(-2)). Suppose u = k + r*k. What is the units digit of k?
5
Suppose -16*s - 1071 = -23*s. Let z = s + -74. What is the units digit of z?
9
Let d(y) = 12*y**2 - 7*y - 16. What is the units digit of d(-4)?
4
Suppose -3*w = -20 - 7. Let o = w + -4. Let m(t) = 2*t**2 - 6*t + 2. What is the tens digit of m(o)?
2
Suppose 0*t + 10187 = 4*o + 3*t, 0 = -o - 3*t + 2540. What is the hundreds digit of o?
5
Let m(r) = -1 + 11*r + 0*r - 4*r. Let k be m(1). Let v(o) = 4*o - 6. What is the units digit of v(k)?
8
Suppose -11*a + 2303 - 378 = 0. What is the hundreds digit of a?
1
Let x(q) = -4*q + 6. Suppose -u - 3*u - 20 = 0. Let j be x(u). Suppose b - j = 5. What is the units digit of b?
1
Let h(c) be the first derivative of -7*c**2/2 + 5*c - 4. What is the units digit of h(-8)?
1
Let m(c) = -3*c**2 + 2*c - 2. Let v be m(2). Let r(a) = a**2 + 2*a - 27. What is the tens digit of r(v)?
5
Suppose 4*t - 38 - 10 = 0. Let l = 87 + -87. Suppose -3*s - 2*u + 60 = l, 3*u = -s + t + 8. What is the tens digit of s?
2
Suppose -4*g - 3*w + 10124 = 1834, w = g - 2069. What is the hundreds digit of g?
0
Let s = -1995 - -2578. What is the units digit of s?
3
Suppose 17*y + 1340 = 21*y. Let b = -195 + y. What is the units digit of b?
0
Suppose -2*o - 6 = 0, 14*j = 13*j - 5*o - 11. Suppose -2*s - 24 = -3*s. Suppose -j*t + s = -4*k, -t - k + 18 = 4*k. What is the units digit of t?
8
Let s = -51 - 11. Let a = s - -25. Let c = a + 60. What is the units digit of c?
3
Suppose 0 = -3*n - 3, 2*g + 3*n = 6*g - 71. Suppose -5*s + l = -0*s - 14, 0 = 2*l + 8. Let y = g - s. What is the units digit of y?
5
Let i(u) = -u**2 - 16. Let t be i(0). Let z = -12 - t. What is the units digit of z?
4
What is the tens digit of 8/6*(-11)/(-44)*489?
6
Let t(f) = -5*f - 14. Let a = -16 - -11. What is the tens digit of t(a)?
1
Let b(r) be the third derivative of -5/8*r**4 + 0*r**3 + r**2 + 0 + 0*r. What is the tens digit of b(-1)?
1
Let i be (0/(-4))/(-3) + 0. Suppose i = -4*p + 148 + 24. What is the tens digit of p?
4
Let m(p) = p + 13. Let x be m(-9). Let h = 6 - x. Suppose 4 = h*v + 2. What is the units digit of v?
1
What is the thousands digit of 2 + 1 + 1372 + (-2 - -3)?
1
Suppose 2*q = 5*k - 6, -4*q + 4*k - 51 = -9*q. Let c(n) = 6*n + 6. What is the units digit of c(q)?
8
Suppose 2*w + 6 = 0, -o = -5*o - w + 9. What is the tens digit of o - (-14)/(4 + -2)?
1
Let t = 37 - 150. Let u = t + 159. Let y = 92 - u. What is the tens digit of y?
4
Suppose 4*l + 4*g - 4 = 0, 0 = 5*g + 19 - 4. Let t(p) = 4 - 3 - 5 + 9*p. What is the units digit of t(l)?
2
Let a = 1266 - 897. What is the tens digit of (5/(-15))/((-1)/a)?
2
Suppose -3842 = 3*r - 3*h - 16526, 4*r = -h + 16907. What is the units digit of r?
7
Suppose 3*o - 2*o = 2. Let p = -18 + o. What is the tens digit of 21 + p/4 - 1?
1
Suppose 7*y + 8 - 22 = 0. What is the units digit of 1*((-798)/70)/(y/(-10))?
7
Let y = -13 - -15. Let h = y + 3. Suppose -34 = -c + f, 0 = 4*f + f + h. What is the units digit of c?
3
Let u = -29 + 145. What is the units digit of u?
6
Suppose 2*i + 4 = 0, 5*q - 227 = -i + 2*i. Let c(k) = -k**3 + 7*k**2 + k - 3. Let y be c(7). What is the tens digit of y + (-1)/((-3)/q)?
1
What is the hundreds digit of 24/32*(-4240)/(-12)?
2
Suppose -5*o = -3*y - 188, 3*o + 44 = 3*y + 158. Let m = o - 28. What is the units digit of m?
9
Suppose -5*j + 16 + 4 = 0, -2*j - 28 = -4*k. Suppose -19 = -2*u + k. Let v = u + -6. What is the units digit of v?
8
Let u be 2/2 - (-1 - -2)*1. Suppose -4*t + 3*c + 26 = u, 0 = 4*t + t - 2*c - 36. What is the units digit of t?
8
Let a(h) = 26*h - 5. Let v be a(5). Suppose 0 = -i - 4*i + v. Suppose -i = 6*g - 11*g. What is the units digit of g?
5
Let x be 8/6*6/4. Let r be x - (-8 - -3 - -3). Suppose -34 = -2*z - 2*i, r*z - 2*i + 4*i = 60. What is the tens digit of z?
1
Let g(c) = 186*c**2 + 19*c - 68. What is the tens digit of g(4)?
8
Suppose -8*z + 5 = -3*z. What is the units digit of z?
1
Suppose -4*o + 3558 = 3*m, -o = 36*m - 34*m - 2367. What is the units digit of m?
2
Suppose -4*x + 258 = -2*u, -3*x + 190 = -0*u + 2*u. Let w = -122 + 122. Suppose -2*y + w*y = -x. What is the tens digit of y?
3
Let f be 5/(-1*(-2 - -3)). Let n(p) = -11*p - 3. What is the units digit of n(f)?
2
Suppose -10*j + 15 = -5. What is the tens digit of 52 + (-1 + j - (-13 + 12))?
5
Suppose -3*t - 112 = -7*t. Suppose 0 = -2*h - 3*h - 3*j + 20, 5*j - t = -3*h. What is the units digit of h?
1
Let h be -53*2*1/(-2). Let g = 74 - h. Let k = g + 35. What is the tens digit of k?
5
Let c(t) = t + 33. Suppose -4*z = 27 + 13. What is the tens digit of c(z)?
2
Let z = 4229 + 2259. What is the hundreds digit of z?
4
Suppose -21*r = -18474 - 30561. What is the units digit of r?
5
Let z(l) = -l**2 - 17*l + 5. Let v be z(-9). Suppose -u - 3*f = 15 - 46, v = 2*u + 3*f. What is the units digit of u?
6
What is the units digit of (9 + (-34)/4)*(2 - -1776)?
9
Let x(k) = 5*k + 9*k + 5 + 2*k**2 - k**2 - 3*k**2. Let c be x(7). Suppose -c*q + 76 = -14. What is the tens digit of q?
1
Let h(t) = -2 + 3*t - 3*t - 3*t + 5*t. Let v be h(3). Suppose v - 13 = -f. What is the units digit of f?
9
Suppose -9 = -2*n + 3*m + 31, 0 = -n - 3*m + 2. Let d = n + 61. Suppose -3*v + 4*k + 89 = 2*v, 3*k = -3*v + d. What is the tens digit of v?
2
Suppose 15*a + 17451 + 2649 = 0. What is the hundreds digit of 16/(-48) - a/6?
2
Let j = -24 - -24. Suppose j = -3*s + 7 - 31. What is the tens digit of (s*(-7)/2)/2?
1
Suppose 348 = 16*k - 12*k. Suppose -3*f - 6*c + 2*c = -20, 5*c - 25 = 0. Suppose -r = 4*q - 220 + k, -q + 2*r + 22 = f. What is the tens digit of q?
3
Let l(n) = -n**3 - 21*n**2 - 21*n - 14. Let h be l(-20). Suppose -h*d + 5*d = -50. What is the tens digit of d?
5
Let t = -406 - -614. What is the units digit of t?
8
Suppose 2*x - 29 - 21 = 0. Suppose 0 = -5*b - 5*o + 148 + 37, 5*o - x = 0. Let r = b + -16. What is the units digit of r?
6
Let g = -348 - 354. Let c = g + 987. What is the tens digit of c?
8
Let n(s) be the first derivative of 2*s**3/3 + 6*s**2 + 2*s + 9. What is the units digit of n(-9)?
6
Suppose 0 = 5*f + 99 - 869. What is the tens digit of f?
5
Let n = 11 - 24. Let u = 93 + n. Suppose 0 = -o - 23 + u. What is the tens digit of o?
5
Let h(d) = 10*d**2 - 11*d - 3*d**2 - 6*d**2 + 3. Let v be h(11). Suppose -v*k + 152 = k. What is the tens digit of k?
3
Let p(l) = l - 7. Let g(f) = -4*f + 29. Let h(v) = 6*g(v) + 26*p(v). Let k be h(4). Let o(d) = d + 26. What is the tens digit of o(k)?
2
Let q = 56 - -124. What is the hundreds digit of q?
1
Let w(z) = -z**2 + 3*z**2 + 11*z + 8 - z**2. Let f be w(-15). Suppose f = -3*i + 209. What is the units digit of i?
7
Suppose -4*s + g = 884 - 11629, -3*s = -3*g - 8070. What is the tens digit of s?
8
Let q = -450 + 1058. Suppose 192 = 5*p - q. What is the hundreds digit of p?
1
Suppose 5*y = -3*w - 1227, y + 2*w - 6*w = -250. Let v = -142 - y. Let o = -65 + v. What is the units digit of o?
9
Suppose 4*v - 5*v = -5. Suppose -8 = -4*m + 2*m + 4*x, -25 = -5*m +